.
391
What is the highest common factor of 284294 and 246?
82
Calculate the highest common divisor of 622 and 458.
2
Calculate the highest common factor of 1540 and 2590.
70
What is the greatest common factor of 3267 and 2608155?
1089
Calculate the greatest common factor of 124688 and 32.
16
Calculate the highest common divisor of 8 and 286744.
8
Calculate the greatest common divisor of 3535 and 17500.
35
What is the greatest common divisor of 87019 and 346?
173
What is the greatest common factor of 675 and 4680?
45
Calculate the highest common divisor of 4035 and 40.
5
Calculate the highest common factor of 25774 and 13279.
49
What is the highest common divisor of 5768 and 1092?
28
Calculate the greatest common divisor of 38 and 1564954.
38
Calculate the highest common factor of 12 and 25332.
12
Calculate the greatest common divisor of 626232 and 97.
97
Calculate the greatest common divisor of 69839 and 161.
7
Calculate the greatest common factor of 7826720 and 3520.
1760
What is the greatest common divisor of 3492 and 972?
36
What is the greatest common divisor of 17720 and 26137?
443
Calculate the highest common factor of 19 and 821921.
19
What is the highest common factor of 62 and 474238?
62
Calculate the highest common divisor of 12 and 261588.
12
Calculate the highest common factor of 8416 and 32.
32
Calculate the greatest common factor of 28 and 5404.
28
What is the greatest common divisor of 81756 and 348?
12
What is the greatest common factor of 1943 and 14606?
67
Calculate the greatest common divisor of 1913 and 11854861.
1913
What is the highest common divisor of 12100 and 1300?
100
Calculate the highest common factor of 6 and 152991.
3
Calculate the greatest common factor of 28 and 446878.
2
What is the highest common divisor of 5964640 and 160?
160
Calculate the highest common divisor of 150792 and 2163.
309
Calculate the highest common divisor of 185 and 1380100.
185
Calculate the greatest common divisor of 2254 and 52486.
322
Calculate the greatest common factor of 4254 and 16.
2
Calculate the highest common divisor of 904 and 12769.
113
Calculate the highest common factor of 1479408 and 408.
408
Calculate the highest common divisor of 53312 and 11492.
68
What is the highest common factor of 38552 and 8662?
122
What is the greatest common divisor of 161042 and 28?
14
What is the highest common divisor of 36 and 83340?
36
What is the highest common divisor of 1890 and 43281?
189
Calculate the highest common divisor of 114 and 310688.
38
What is the greatest common divisor of 2009 and 3871?
49
Calculate the highest common divisor of 28 and 24.
4
Calculate the highest common divisor of 3949 and 319.
11
What is the greatest common factor of 28721504 and 112?
112
Calculate the greatest common factor of 27 and 95391.
27
What is the highest common factor of 2380 and 77860?
340
What is the greatest common factor of 30388 and 50836?
284
What is the highest common divisor of 14 and 230014?
2
Calculate the highest common divisor of 1236020 and 460.
460
What is the highest common factor of 3616 and 232?
8
What is the highest common divisor of 59780 and 5612?
244
What is the highest common factor of 70 and 558430?
10
Calculate the highest common factor of 189914 and 3228.
538
Calculate the highest common factor of 629 and 17871.
37
What is the greatest common factor of 58 and 68701?
29
What is the highest common factor of 85 and 1466845?
85
Calculate the greatest common factor of 187714 and 2.
2
Calculate the greatest common factor of 94763 and 193.
193
What is the highest common factor of 355368 and 39?
39
Calculate the highest common factor of 737221 and 41.
41
What is the highest common factor of 18 and 11496?
6
What is the greatest common factor of 5401 and 5071?
11
Calculate the greatest common factor of 9 and 459072.
9
What is the greatest common divisor of 9262 and 28424?
22
Calculate the greatest common factor of 687355 and 2780.
695
Calculate the greatest common divisor of 5724 and 5103.
27
What is the greatest common divisor of 4180 and 7106?
418
Calculate the highest common divisor of 7738 and 4964.
146
Calculate the highest common divisor of 361 and 104633.
19
What is the greatest common factor of 16079901 and 4434?
2217
What is the greatest common factor of 138 and 1449?
69
What is the greatest common divisor of 2472 and 552?
24
Calculate the highest common factor of 58853 and 16448.
257
What is the greatest common divisor of 1924977 and 201?
201
Calculate the highest common factor of 1704 and 72.
24
Calculate the highest common factor of 124 and 1532.
4
What is the greatest common divisor of 11724 and 24?
12
What is the highest common factor of 18868 and 25988?
356
Calculate the greatest common divisor of 525 and 11361.
21
What is the greatest common divisor of 5 and 785?
5
What is the greatest common factor of 414 and 115713?
207
Calculate the greatest common factor of 1080 and 54648.
216
Calculate the greatest common factor of 7384 and 68728.
568
Calculate the greatest common factor of 708 and 3516.
12
Calculate the greatest common factor of 188 and 54050.
94
Calculate the highest common factor of 9 and 5089.
1
Calculate the greatest common factor of 48829 and 12545.
193
What is the highest common divisor of 1320 and 38676?
132
Calculate the highest common divisor of 75 and 18255.
15
Calculate the highest common divisor of 8 and 33664.
8
Calculate the greatest common divisor of 1476 and 7884.
36
What is the greatest common factor of 197950 and 200?
50
Calculate the greatest common divisor of 2535 and 270.
15
Calculate the greatest common divisor of 28199 and 22144.
173
What is the highest common divisor of 2118 and 4135042?
706
Calculate the greatest common factor of 40 and 228848.
8
What is the greatest common divisor of 56 and 803404?
28
What is the highest common divisor of 929705 and 101?
101
What is the highest common factor of 161 and 8743?
7
What is the highest common divisor of 18550 and 63?
7
Calculate the highest common factor of 1054 and 379967.
527
What is the greatest common divisor of 1437560 and 866?
866
What is the highest common factor of 4002 and 414?
138
Calculate the highest common divisor of 111735 and 26.
13
Calculate the greatest common divisor of 3432 and 150744.
264
What is the greatest common divisor of 4925 and 7275?
25
Calculate the greatest common divisor of 30084 and 2760.
276
Calculate the greatest common factor of 25104 and 43409.
523
What is the highest common divisor of 22064 and 84?
28
Calculate the greatest common factor of 899 and 162192.
31
What is the highest common divisor of 5108618 and 94?
94
Calculate the greatest common divisor of 190 and 24035.
95
What is the highest common divisor of 138 and 62880?
6
What is the highest common factor of 413798 and 14?
14
What is the highest common factor of 50320 and 1665?
185
What is the greatest common divisor of 94158 and 12?
6
What is the greatest common divisor of 42 and 343714?
14
Calculate the greatest common divisor of 703 and 3256.
37
What is the greatest common factor of 158264 and 2336?
584
What is the greatest common divisor of 26 and 23322?
26
Calculate the highest common factor of 14 and 1706362.
14
What is the greatest common factor of 925 and 22775?
25
Calculate the greatest common factor of 2676 and 84963.
669
What is the greatest common divisor of 22 and 139359?
11
What is the greatest common factor of 6304 and 39006?
394
Calculate the highest common factor of 56 and 59704.
8
What is the highest common divisor of 3206 and 358?
2
Calculate the highest common factor of 3716867 and 77.
77
What is the greatest common factor of 4238 and 187124?
326
What is the greatest common factor of 68487 and 37?
37
What is the highest common factor of 89663 and 217?
7
What is the greatest common factor of 1138915 and 85?
85
Calculate the highest common divisor of 2733896 and 176.
88
Calculate the highest common divisor of 2 and 91048.
2
Calculate the greatest common factor of 8650 and 225.
25
What is the highest common factor of 24 and 2875692?
12
What is the highest common factor of 1357 and 5635?
23
Calculate the highest common factor of 110 and 40535.
55
What is the greatest common factor of 74242 and 91?
7
What is the greatest common div